-379
What is 1001100001110101 (base 2) in base 12?
1a705
What is 7cf (base 16) in base 3?
2202001
What is -b8 (base 13) in base 4?
-2113
What is -191 (base 14) in base 4?
-11003
1110110111 (base 2) to base 12
673
370 (base 8) to base 10
248
Convert -1a023 (base 14) to base 9.
-110337
What is -b9c (base 13) in base 4?
-133010
Convert 2323 (base 6) to base 4.
20223
1100010 (base 2) to base 5
343
-10221120 (base 3) to base 5
-43002
Convert -3443 (base 5) to base 7.
-1311
-1532 (base 10) to base 9
-2082
What is 10010100 (base 2) in base 12?
104
Convert 241 (base 5) to base 8.
107
What is 5162 (base 7) in base 12?
1068
85a5 (base 12) to base 6
151525
What is 113122 (base 4) in base 14?
790
13646 (base 10) to base 3
200201102
What is -3002 (base 4) in base 16?
-c2
What is 107704 (base 8) in base 7?
212205
-c08 (base 14) to base 6
-14532
Convert 3431 (base 6) to base 10.
811
-14a (base 13) to base 6
-1023
-2041 (base 7) to base 6
-3151
What is 86847 (base 9) in base 16?
e0d1
262 (base 8) to base 15
bd
-3072 (base 13) to base 7
-25326
What is 101011110101100 (base 2) in base 6?
251524
7770 (base 10) to base 5
222040
What is 9009 (base 10) in base 16?
2331
-234 (base 8) to base 10
-156
122032 (base 4) to base 12
b7a
111324 (base 5) to base 11
2a84
Convert -2020122 (base 3) to base 15.
-742
What is 6573 (base 9) in base 8?
11355
What is 109 (base 15) in base 12?
176
What is 1221102101 (base 3) in base 13?
14518
Convert -60 (base 9) to base 13.
-42
-1203400 (base 5) to base 8
-53516
What is -d3d (base 15) in base 11?
-2272
What is 1112142 (base 5) in base 4?
10303120
1100110011 (base 2) to base 9
1110
Convert -2d1c (base 15) to base 12.
-5746
What is -378a (base 13) in base 5?
-223023
What is 981 (base 11) in base 7?
3302
What is -1155301 (base 6) in base 11?
-42726
-16656 (base 10) to base 13
-7773
Convert 9a (base 12) to base 4.
1312
-15144 (base 7) to base 12
-2519
702 (base 11) to base 13
504
101 (base 14) to base 15
d2
What is 100010020 (base 3) in base 7?
25245
Convert 100202000 (base 3) to base 6.
52513
What is -1130 (base 8) in base 11?
-4a6
-10011101101 (base 2) to base 10
-1261
Convert -2928 (base 10) to base 15.
-d03
26184 (base 13) to base 6
1302433
201200 (base 3) to base 2
1000010011
Convert -211330 (base 4) to base 13.
-114a
Convert -13885 (base 9) to base 5.
-300343
13 (base 13) to base 10
16
What is -4104 (base 7) in base 3?
-1221210
-175 (base 16) to base 12
-271
Convert 10330 (base 4) to base 7.
631
-830 (base 15) to base 12
-1099
-119b (base 13) to base 5
-34434
48b3 (base 12) to base 8
20007
Convert -2122 (base 10) to base 5.
-31442
What is 2001002 (base 3) in base 13?
8a5
Convert 43286 (base 11) to base 7.
351235
What is -26a5 (base 12) in base 14?
-1897
-21310 (base 5) to base 4
-112233
-1110201 (base 3) to base 14
-568
203 (base 12) to base 4
10203
Convert 10000001110010 (base 2) to base 15.
26db
Convert 110010011100110 (base 2) to base 16.
64e6
-5b85 (base 12) to base 7
-42050
Convert -5722 (base 8) to base 4.
-233102
10859 (base 10) to base 13
4c34
Convert 1313 (base 11) to base 16.
6ac
What is -2201 (base 4) in base 15?
-ab
Convert 4c93 (base 15) to base 14.
5d50
-1111110101 (base 2) to base 11
-841
-523 (base 7) to base 4
-10012
What is 14623 (base 12) in base 16?
6f7b
What is -33 (base 4) in base 10?
-15
What is -1205222 (base 6) in base 7?
-352523
What is 5200 (base 8) in base 11?
2024
Convert a33 (base 11) to base 8.
2336
What is 1013010 (base 4) in base 15?
1533
Convert -120102100 (base 3) to base 9.
-16370
-32132 (base 6) to base 13
-1cb8
Convert -4a52 (base 14) to base 12.
-7640
Convert 10001101101 (base 2) to base 15.
508
-5284 (base 9) to base 6
-25551
Convert 23541 (base 6) to base 14.
1381
89b5 (base 15) to base 7
151055
-56a (base 16) to base 13
-828
-252 (base 14) to base 2
-111010000
Convert -1010002 (base 3) to base 12.
-578
Convert -111 (base 4) to base 14.
-17
Convert 111313 (base 5) to base 16.
f76
-15d (base 16) to base 12
-251
Convert 1010111000 (base 2) to base 4.
22320
Convert 23659 (base 11) to base 10.
34065
What is -8166 (base 9) in base 3?
-22012020
Convert 2211 (base 6) to base 5.
4021
41d (base 15) to base 2
1110100000
1345 (base 6) to base 4
11201
What is 24220 (base 5) in base 8?
3422
-110111100 (base 3) to base 16
-2394
What is 12133110 (base 4) in base 11?
18a74
Convert -39509 (base 10) to base 9.
-60168
-534 (base 6) to base 5
-1302
Convert -12230 (base 7) to base 6.
-22502
2a5 (base 11) to base 15
18c
Convert -4555 (base 8) to base 4.
-211231
What is -10136 (base 9) in base 5?
-203200
What is 2055 (base 8) in base 16?
42d
What is -6753 (base 8) in base 4?
-313223
Convert 64a (base 14) to base 2.
10011011010
1012212 (base 4) to base 8
10646
What is 22 (base 13) in base 15?
1d
-24215 (base 7) to base 5
-200114
-44150 (base 6) to base 7
-23553
2270 (base 12) to base 5
110303
Convert 5ba (base 14) to base 4.
101320
What is 436 (base 9) in base 5?
2412
7061 (base 13) to base 3
210012112
What is -6fe (base 16) in base 3?
-2110022
Convert -4131 (base 6) to base 5.
-12134
What is -300202 (base 7) in base 12?
-252a1
110000111001 (base 2) to base 13
1569
Convert -25302 (base 6) to base 15.
-11c2
What is 35877 (base 11) in base 14?
14b5c
Convert 705 (base 8) to base 5.
3303
What is -2b7b (base 13) in base 8?
-14323
22122120 (base 3) to base 11
4813
510 (base 10) to base 6
2210
Convert 7ad5 (base 16) to base 10.
31445
2dd4 (base 15) to base 8
23222
-1220010 (base 4) to base 13
-3054
-34a4 (base 11) to base 3
-20022001
-10111101100 (base 2) to base 6
-11004
424a (base 11) to base 3
21201011
What is -cb6 (base 14) in base 11?
-1984
What is -24321 (base 7) in base 3?
-22200200
Convert -cd87 (base 15) to base 6.
-533344
13b1 (base 13) to base 6
21104
What is 37203 (base 9) in base 7?
132513
What is -125 (base 15) in base 16?
-104
-42234 (base 6) to base 8
-13116
What is -4d (base 15) in base 12?
-61
Convert -10314 (base 5) to base 7.
-2032
Convert 5b6c (base 14) to base 10.
15972
37a6 (base 12) to base 15
1d13
What is 83d (base 15) in base 11?
143a
-13230302 (base 4) to base 7
-160643
What is 4403 (base 11) in base 9?
7866
2ab4a (base 12) to base 14
1801c
What is -2533 (base 6) in base 14?
-333
What is 1353 (base 7) in base 5?
4103
Convert 2335 (base 6) to base 7.
1433
-10035 (base 6) to base 13
-7a6
Convert -268 (base 9) to base 14.
-120
-d5d (base 14) to base 3
-10121110
What is 101100010 (base 2) in base 14?
1b4
-3260 (base 14) to base 8
-21004
-dd (base 16) to base 15
-eb
2426 (base 9) to base 3
2110220
What is -d87 (base 14) in base 2?
-101001101011
Convert -b8b (base 13) to base 8.
-3666
361 (base 15) to base 12
53a
13026 (base 10) to base 13
5c10
Convert 2772 (base 9) to base 4.
200222
6b78 (base 13) to base 16
3b24
-1935 (base 13) to base 2
-111010110010
What is -3224 (base 14) in base 3?
-102212121
22250 (base 8) to base 2
10010010101000
2112002 (base 3) to base 13
ab5
What is -578 (base 13) in base 5?
-12234
24011 (base 6) to base 10
3463
What is 135 (base 10) in base 12?
b3
-1257 (base 8) to base 14
-371
What is 1892 (base 15) in base 6?
40332
What is 6691 (base 12) in base 5?
330331
-7854 (base 12) to base 2
-11010000000000
What is -6100 (base 13) in base 4?
-3100213
1b2e (base 16) to base 9
10481
-2045 (base 9) to base 3
-2001112
What is 14703 (base 12) in base 15?
8759
Convert -d4 (base 15) to base 2.
-11000111
Convert -2511 (base 9) to base 11.
-1453
9ac (base 14) to base 7
5405
What is -20232 (base 4) in base 16?
-22e
What is 589 (base 11) in base 10?
702
22112 (base 3) to base 4
3212
40a (base 13) to base 15
30b
What is -977 (base 12) in base 2?
-10101101011
Convert -3980 (base 11) to base 9.
-7074
-140 (base 9) to base 10
-117
What is 10111111011 (base 2) in base 10?
1531
What is -933 (base 10) in base 13?
-56a
-1657 (base 8) to base 16
-3af
Convert 40b (base 12) to base 11.
494
Convert -50b (base 14) to base 15.
-461
What is -220323 (base 8) in base 3?
-10202102111
Convert -3420 (base 13) to base 6.
-53433
-143125 (base 6) to base 15
-40ab
What is -227a (base 16) in base 8?
-21172
-200 (base 13) to base 12
-242
30223 (base 4) to base 7
2236
4323 (base 7) to base 2
11000000000
What is -1123511 (base 6) in base 3?
-2221100221
Convert -111200 (base 3) to base 13.
-225
Convert 110011101100 